 -13 + (12 + 1 + -5 - 2).
-7
0 + -6 + 8 + -5
-3
What is the value of 4 - (0 + 1) - (-65 + 72)?
-4
What is 0 - (7 + -17) - 18?
-8
What is 6 + -9 - (4 + -2)?
-5
-1 + -6 + 8 + -12 + 2
-9
Calculate (-6 - -5) + (-2 - 0).
-3
What is 18 + -16 - (-1 - (-3 - 6))?
-6
6 + 0 + (0 - (0 - -3))
3
What is -4 + -1 - (1 - (4 - 0))?
-2
What is (-5 - -1) + (-1 + 17 - 11)?
1
What is the value of -2 + 7 - (48 - 38)?
-5
What is (-8 - -14 - 3) + 0?
3
Calculate -1 + 2 - (217 + -215).
-1
What is the value of (8 + -12 - (-6 + 1)) + -1?
0
What is the value of (-3 + 0 - (-5 + 2)) + -1?
-1
Evaluate 9 - 9 - ((-1 - -2) + -6).
5
Evaluate 6 + (4 + -4 - 3).
3
What is the value of 14 + -7 + -1 - -1?
7
What is the value of -1 + (2 - 2) - (-9 + 19)?
-11
What is 4 - 2 - (1 + -5 + 4)?
2
Evaluate 0 + (-1 + 3 - 0 - 0).
2
What is the value of -40 + 48 - (4 - (1 + 1))?
6
Evaluate -46 + 44 + (1 - -6).
5
Calculate (-1 - 9) + (-13 - -11 - -7).
-5
What is the value of 8 - -4 - (11 - 3)?
4
Calculate -3 + 1 - (2 - 1) - -4.
1
Evaluate (-5 - (-6 - -4)) + (3 - 0).
0
Evaluate (-4 - -1) + 8 + -1.
4
Evaluate -1 - (-1 + 0 + 0) - 5.
-5
Calculate 0 + (3 - (-4 + 8 + -3)).
2
Calculate 1 + 6 + (34 + -20 - 21).
0
What is the value of (29 + -23 - (-2 + 5)) + -1?
2
What is the value of 12 - (-9 + 22) - (1 - 1)?
-1
Calculate (0 - -3 - 2) + -1 + 5.
5
Calculate -4 + 13 - -2 - 3.
8
Evaluate 14 + -12 + -2 + 3.
3
Calculate 54 - 51 - (-3 - (1 - 4)).
3
Calculate (-12 + 2 - -5) + 2 + 4.
1
6 - 0 - ((-18 - -31) + -16)
9
Evaluate 23 + -17 - (-1 + 12).
-5
Calculate 2 + -2 + (4 + 2 - 12).
-6
Calculate -3 - (-3 + -10 + 17).
-7
Evaluate -3 + 5 + (5 - 12).
-5
Evaluate -6 - (0 + -2) - 0.
-4
Calculate 1 + 4 - (-5 - -14 - -3).
-7
Evaluate 0 + 0 - (0 - -3 - -1).
-4
What is the value of (0 - -2 - (-5 - -9)) + 0?
-2
Calculate (-38 - -41) + 2 + -5 + 2.
2
Calculate -5 - (1 + 0 + -6) - 7.
-7
What is (-8 - -10) + (-4 - 1)?
-3
Calculate (-14 - -1) + -10 + 18.
-5
Evaluate 1 + (4 - 4) + 1.
2
What is the value of 6 - (4 + 2) - -6 - 10?
-4
Evaluate 4 + -5 - 2 - -1 - -5.
3
Calculate 7 - (4 - (6 - 12)) - -5.
2
What is the value of -3 - (-7 + 0 - (-35 + 27))?
-4
29 + -32 - (-10 - -1)
6
What is the value of (2 - -6) + (2 - 3) - 2?
5
Calculate -15 + 4 + 4 - (-2 - 15).
10
What is (-13 - (-20 + 9)) + 4 + -1?
1
-1 - (0 + -5 + -4) - 4
4
-1 + 1 + (0 - (-2 + 1))
1
Evaluate -2 + -2 + 3 + (-23 - -17).
-7
(2 - (8 + -12)) + -6
0
What is 1 - (0 - (1 + 1 - 3))?
0
Calculate 7 + -7 - (0 + 0) - -3.
3
Calculate 3 - (-4 - -3) - -1.
5
What is the value of -1 + 0 - ((3 - 6) + 0)?
2
What is the value of -16 + 21 - (11 + -1)?
-5
0 + 3 - (3 - -1)
-1
0 + (-1 - (-2 + 3)) + 6
4
Evaluate -15 + 9 + (-1 - -4) + -3.
-6
Calculate 0 + (0 - -4) + -2.
2
Calculate -7 + 2 + (2 - (-1 - -1)).
-3
Calculate 0 + -4 - (12 + -14).
-2
What is the value of 2 - (-3 + 3) - 4 - -1?
-1
What is 8 + 5 + (-3 - 3)?
7
What is 0 - (2 + -2 + 1)?
-1
Calculate -1 + 0 + 1 + (-7 - -9).
2
Calculate 5 + (2 - 3 - 1) + -9.
-6
What is 6 - (19 + -9) - -3?
-1
Evaluate -7 - (-14 - (-10 - 0)).
-3
Calculate (0 - -5) + 0 - (10 + -4).
-1
Evaluate -4 + (-8 - -4) + 10.
2
What is the value of 7 + 10 + -6 + 1 + -6?
6
-4 + 6 + -12 + 5 + 5
0
-12 + 18 + -4 + -6
-4
What is the value of 6 + -5 + 0 + 4?
5
What is -3 - (-9 - (-5 + 1))?
2
What is the value of 0 - (-7 - (0 - (3 - 1)))?
5
What is 5 + -3 + 9 + -9?
2
What is (-4 - -2) + (-2 - 2 - -1)?
-5
Evaluate 4 + -1 + -1 + 1 + -3.
0
Evaluate -1 + -4 + (38 - 27).
6
What is the value of -7 + 2 + (2 - (1 - 1))?
-3
(32 - 25) + (-14 - -1)
-6
Calculate 2 + -4 + 6 + 1.
5
What is the value of -13 + 9 + 2 - -3?
1
Evaluate (-3 - -9) + (0 - 1).
5
Evaluate (-1 - 1) + 4 + 11 + -6.
7
-3 - (1 + (3 - 4))
-3
Evaluate (3 - (6 - -2)) + 4 + 6.
5
What is the value of -9 + 13 + -6 + 3?
1
What is the value of 0 - (-3 + 4 + -3)?
2
(-5 - -2) + -6 + 10
1
What is (3 - 6) + 6 + -5?
-2
What is -3 + -3 + 5 - 2?
-3
4 - (2 + 0 + 1)
1
2 - (9 - -1) - -14
6
What is the value of -1 - 1 - (-9 - -9)?
-2
What is the value of 6 - (10 - (7 + 1))?
4
What is the value of 5 - (1 + 2 + 0)?
2
What is the value of 9 + (0 - 1) + -4?
4
13 - (2 + (7 - -1))
3
Calculate -7 - (1 + -3) - 2.
-7
Calculate -1 + 0 - 4 - -1.
-4
(-8 - -6) + -1 + 5
2
(6 - (3 + (0 - 1))) + -3
1
What is 2 - (4 - (-1 + 3 - -2))?
2
What is the value of 29 + -38 - (-3 + -1)?
-5
-4 + 1 + 0 + (8 - 7)
-2
What is 6 + -3 + -4 + -3 + 0?
-4
Calculate 14 + (-7 + 1 - 1).
7
What is the value of -5 - (-3 - (2 + -6 - 0))?
-6
What is the value of 6 + 2 + -11 + 3 + -6?
-6
What is (-1 + 5 - 2) + 4 + -4?
2
-8 + 1 + 14 - 10
-3
0 + 0 - (9 - 7)
-2
Evaluate -10 + 6 - (-1 + -2).
-1
Evaluate 7 + -3 + 0 - (2 - 4).
6
(-8 + 2 - 1) + 53 + -50
-4
What is the value of -2 + (-3 - 0) + 2?
-3
What is the value of 5 + -5 + -4 + 5?
1
Calculate (-29 - -22) + (2 - 1) + 2.
-4
Evaluate (-1 - -3) + -1 + 3 + -7.
-3
(-2 + 34 - 24) + (1 - 1)
8
Calculate (-1 - -8) + -16 + 12.
3
Calculate 5 + (0 - 3) + 2 + -10.
-6
What is 0 + -2 + 5 + 17 + -19?
1
-4 + 1 + 0 + 4 - -1
2
1 - 5 - (45 - 44)
-5
What is the value of -1 - (12 + -3 + -2) - -14?
6
Calculate (-3 - -7) + 1 - (11 + -2).
-4
8 + (1 + (-1 - -1) - 6)
3
What is the value of -7 - (0 + (-8 - -7))?
-6
What is (-1 - 0) + 3 + -5 - -3?
0
What is 0 - (-8 - (-2 - 1))?
5
What is -6 + 5 - 0 - -1?
0
What is (7 - -4) + -27 + 16?
0
Calculate -7 - -8 - -12 - 7 - -1.
7
What is 9 - ((-5 - -19) + -5)?
0
What is the value of -8 - (7 - 7 - 5)?
-3
(1 - -1) + -4 - -1 - 1
-2
Evaluate -2 + -8 + (5 + 5 - 4).
-4
Calculate 4 + -3 + 3 + -6.
-2
Calculate 4 + -11 + 3 + -3.
-7
Evaluate -12 + 14 - 9 - 0.
-7
What is (5 - (-5 - -11)) + (4 - 1)?
2
What is 2 + 2 - (7 - (4 + -1))?
0
Calculate 6 + -1 - (-8 + 9).
4
Calculate 0 + (3 - (-6 - -12)).
-3
-1 + 1 + 5 + -81 + 80
4
What is 0 + 0 + (30 - 34)?
-4
(6 - 1) + -5 + 2
2
Calculate 2 + -1 - (3 - -2).
-4
7 + -3 - (-1 - (-8 - -5))
2
What is -5 - -5 - -7 - 4?
3
What is the value of 2 + 0 + 3 + -5 + 6?
6
Evaluate (28 - 22) + 0 + 0.
6
Calculate 2 + (2 - -1) + 9 + -12.
2
Evaluate (-2 - 1) + 21 + -23 - -4.
-1
Evaluate -9 - (-4 - (-11 - -9)).
-7
What is 30 - 16 - (10 + -1)?
5
What is -3 - (-4 - -1) - 0 - 4?
-4
What is 8 + (-1 - 1) + -5?
1
Calculate -8 - -12 - 8 - -2.
-2
What is 4 + -1 + (-9 - (-6 + 1))?
-1
Evaluate 20 - (0 + 10 + 1).
9
Calculate -102 + 106 + -15 + 0.
-11
Evaluate (-56 - -54) + 3 + -2.
-1
(-13 - (-6 - 3)) + -5
-9
2 + (13 - 26) - -13
2
What is the value of 0 + (1 + 1 - -1)?
3
Evaluate (2 - -9) + (-9 - (-1 + -1)).
4
What is the value of (4 - 6) + -3 - 1?
-6
What is -4 - 2 - (-6 + -2)?
2
Evaluate -1 + 2 + 1 - -1 - 3.
0
Calculate 7 + 0 + -65 + 67.
9
What is 3 - (-3 + 2 + -7 + 6)?
5
What is the value of (-2 + -4 - (2 + -3)) + 2?
-3
-4 + -3 - ((-4 - 1) + -2)
0
Calculate 6 - ((18 - 8) + 0).
-4
What is -2 - (-12 + 2 + 4)?
4
Calculate -3 - 0 - (-6 - (4 - 2)).
5
What is -2 + 3 + (-16 - -11)?
-4
Calculate -7 + 10 + -8 + 0.
-5
Evaluate (-9 - -7) + 1 + 0 + -3.
-4
Evaluate -4 - ((2 - (-1 + 0)) + -2).
-5
Evaluate (-33 + 37 - (0 - -3)) + 1.
2
Calculate -16 + 7 + (3 - -12).
6
Calculate -2 + -6 + 0 + 5.
-3
(-15 - -23) + (-6 - 1) + 3
4
What is 2 - (0 + 4 - 9) - 5?
2
2 + -5 + (-4 - -2)
-5
1 + -1 + 2 + 0
2
Evaluate -3 + (-3 - (-9 - -2)).
1
Calculate 11 + (-1 - (5 - -6)).
-1
What is -3 + 9 + (3 - 11)?
-2
4 + (-9 - -9) - 2
2
Evaluate 4 - (0 + (3 - (2 + -2))).
1
4 + 4 - 11 - (-2 - 7)
6
3 - (-2 - -3 - 1 - 2)
5
Calculate 1 - ((0 - -5) + -8).
4
Calculate -6 - (-3 - 13) - 15.
-5
Calculate -1 + (7 - (3 + 5)).
-2
Calculate 0 + 1 + -3 - -6.
4
What is the value of (0 - 14) + 12 + -7?
-9
-2 + (3 + -3 - 7) + 4
-5
What is the value of 46 + -11 - 12 - 12?
11
(-2 - 1) + -1 + (4 - 2)
-2
What is -2 - 2 - (0 - 8)?
4
11 + (8 - 18) + -9
-8
What is the value of (0 + 5 - -1) + -2?
4
4 - 9 - (-7 - -5) - -6
3
Evaluate (47 - 61) + -1 + 13.
-2
Evaluate -1 - (-5 - (-1 - -2)).
5
What is -3 + (-2 - (2 + -3) - 0)?
-4
Calculate (3 - -1) + (-4 - (2 + 0)).
-2
What is the value of 9 + -5 - (-1 + 1)?
4
Evaluate 5 + (-1 - 2) + 1 + 2.
5
Evaluate -48 + 44 - (0 - (1 + 1)).
-2
Evaluate 0 - -6 - 2 - (-1 + 6).
-1
Evaluate -1 + -10 + 5 + 10.
4
What is (-7 + (-5 - -13) - -4) + -4?
1
Calculate -5 + (0 - 2 - -3).
-4
-4 + -2 + 7 + (3 - 2)
2
Evaluate 4 - 2 - (-2 + 7 - -2).
-5
7 - 0 - 1 - (3 + 7)
-4
What is the value of 5 + (5 + -10 + 1 - 5)?
-4
Calculate 3 + -1 - 9 - -5.
-2
What is the value o